a)/(7/(-84))?
2
Suppose -3*l - 6 = 0, 0 = -o + 8*l - 3*l + 207. Suppose 0 = 2*b + 59 - o. What is the tens digit of b?
6
Suppose 0 = 4*b + 3*r - 30, r + 11 = -0*b + b. Let m = -23 - -25. Suppose -5*w + 4*x - m*x + b = 0, -4*w = -x - 6. What is the units digit of w?
1
Let g(w) = 17*w**3 + w**2 - w - 6. Let h be g(3). Suppose d - 175 = 4*t, 4*d - 3*t - h = 176. What is the tens digit of d?
5
Let c(j) = -3*j - 4. Let b be c(-4). Let x = 109 + b. What is the units digit of x?
7
Let q = -9 - -22. Let s(z) = -z**3 + 13*z**2 + 11*z + 4. What is the hundreds digit of s(q)?
1
Suppose -4*y - 11 = -263. Suppose 4*t = -g + y, 3*g + 0*t - 157 = 4*t. What is the units digit of g?
5
Suppose 231*w = 232*w + 2*c - 318, -5*w + 5*c = -1650. What is the units digit of w?
6
Let a(z) = -z**3 - 14*z**2 - z - 11. Let f be a(-14). What is the units digit of (-3 - -4)/(f/267)?
9
Let w be ((-30)/18)/(-1*1/3). What is the tens digit of (((-4)/w)/(-1))/(3/180)?
4
Let m(u) = 5*u**2 - u - 7. Let d(r) = -r**3 + 10*r**2 - 10*r + 6. Let y be d(9). What is the tens digit of m(y)?
4
Suppose 0 = 2*x - 4*s - 4, -5*x + 2*s = -3*s - 10. Suppose 2*t - 44 = -t + 4*g, x*g = 8. What is the tens digit of -5*5/(t/(-44))?
5
Let p(n) be the first derivative of 8*n**3/3 - 3*n**2/2 - 8*n + 20. What is the tens digit of p(-4)?
3
Suppose 3792*k = 3788*k + 9676. What is the hundreds digit of k?
4
Let x(y) = -140*y - 3. Let v be x(-2). Let f = 405 - v. Suppose 5*a - 3*n = 202, -3*a = 3*n + 2*n - f. What is the tens digit of a?
4
Suppose -42 = 2*a + 180. What is the units digit of (0 + -1)*a/3?
7
What is the thousands digit of (-8 - 16115/(-10)) + 2/4?
1
Let g = -11 - -14. Let a be -4*(-3)/(3 - 9). Let d = g - a. What is the units digit of d?
5
Let c = -161 + 228. What is the units digit of c?
7
Suppose -297*t = -303*t + 18672. What is the units digit of t?
2
Let m = 9 - 6. Suppose -2*o + 20 = 3*d, 10 + 6 = o + m*d. Suppose 24 = o*b - 24. What is the tens digit of b?
1
Let i = 1 - -4. Suppose -4*z + 20 = z. Suppose -23 = -i*c + z*c. What is the tens digit of c?
2
Suppose 4*h - 3*j - 25 = 0, 0 = -2*h + j - 5*j - 4. Let b = -37 + 208. Suppose h*m = v + b, 9*v = -4*m + 4*v + 153. What is the tens digit of m?
4
Let c(r) = -11*r - 18. Suppose 91 = -8*a + 19. What is the units digit of c(a)?
1
Let q be 18/(2 - -1) + -1. What is the units digit of (-1960)/(-100) - (-2)/q?
0
Let o(j) = -2*j**3 - 10*j**2 - 2*j - 5. Let d be o(-5). Suppose -7*s - 3*b = -4*s - 234, -2*s = d*b - 159. What is the tens digit of s?
7
Suppose 7*i + 19*i = 32630. What is the tens digit of i?
5
Let u(x) = 98*x - 78. What is the hundreds digit of u(4)?
3
Let n be 5/(-20) + (-1821)/12. What is the tens digit of n/(-3) + 4/3?
5
Suppose 49*t - 11060 - 9569 = 0. What is the tens digit of t?
2
Suppose 0 = 2*o - 4, -5*t - 2*o = -2*t + 59. Let d be ((-20)/(-30))/((-1)/t). What is the units digit of (-2)/d - (-16)/14?
1
What is the tens digit of (56 + -57)*(0 - 450)?
5
Let v(f) = -5*f - f**2 - 2*f - 2*f + f. Let r be (4 - (-35)/(-5)) + -3. What is the tens digit of v(r)?
1
Suppose -7*b + 4*b = 6. What is the units digit of 3/b - 84/(-8)?
9
Let m(l) = -l**2 + 4*l - 3. Let i be m(4). What is the units digit of ((-135)/(-6) + 3)/(i/(-8))?
8
Let m = 177 - -67. What is the tens digit of -3*(-1)/(12/m)?
6
Suppose 0 = -s + 26 - 18. Suppose -5*o - 3*y + s + 177 = 0, 0 = o - 2*y - 50. What is the tens digit of o?
4
Suppose -3*i + 3944 = -2*u, -2028 - 1918 = -3*i + u. What is the thousands digit of i?
1
Suppose 0 = 2*u - 23 - 125. Let v(b) = b**2 - 21*b + 83. Let s be v(5). Suppose n - 6*n - 3*x + 126 = 0, -s*n - x = -u. What is the tens digit of n?
2
Suppose -2*r - 1 = 3*t, -4*r + 4*t - 47 = t. What is the units digit of 5/(20/r) + (-21)/(-3)?
5
Suppose 4*u - f - 56 = 0, -u - f - 1 + 10 = 0. Suppose 9 = i - 13. Let y = i + u. What is the tens digit of y?
3
Suppose -3*v + 0 = 3*d - 6, -2*d + 1 = 3*v. Suppose -d*y + 161 + 99 = 0. What is the units digit of y?
2
Let j = 2733 - 1841. What is the tens digit of j?
9
Suppose x = -4*j - 2*x + 5091, 25 = 5*x. What is the hundreds digit of j?
2
Suppose -3*p - 23 = -2*w + 15, -4*w - 4*p = -116. Let n = w + -15. Suppose -4*g + 5*d + 14 = -23, -2*d = n. What is the units digit of g?
3
What is the tens digit of ((-14)/1)/(14/(-392))?
9
Let j be 4/(32/(-6))*12. Let p be ((-4)/3)/(4/j). Suppose -4*o + 24 = -p*o. What is the units digit of o?
4
Suppose -4*c - c - 3 = -4*a, 7 = c + 3*a. What is the hundreds digit of (-214)/(3 - 4 - c)?
1
Let y(z) = 4 - 25*z - 4 + 2. Let d be y(-3). Suppose d - 17 = 2*u. What is the tens digit of u?
3
Let v(f) = -3*f**3 - 5*f**2 - 2*f - 2 + f**2 + 8*f**2 + 4*f**3. What is the units digit of v(-4)?
6
Suppose 5016 = 5*u + 4*q, 4*u - 4*q = 7*u - 3016. What is the units digit of u?
0
Let v = 5423 - 3527. What is the hundreds digit of v?
8
Suppose x - 4*x + 2*u + 3982 = 0, 0 = 3*x - u - 3977. What is the tens digit of x?
2
Let m(q) = 2*q + 2. Let a be m(8). Suppose 26*d = a*d + 344. What is the units digit of d?
3
What is the units digit of -16*((-7)/112*4 + -41)?
0
Suppose -t - 33 = -4*d + 2*t, 5*d - 3*t = 45. Suppose -3*q + 0*y = -2*y + d, -2*y = -5*q - 16. What is the tens digit of (2 + -3 - q) + 13?
1
Suppose -17 = -5*d + 3. Suppose d = 3*x + 10. Let m = x - -20. What is the tens digit of m?
1
Let w be (4 - (3 + 1))/2. What is the tens digit of w - -4*1*(-97)/(-4)?
9
Suppose 156 = -4*n + l, -n - 2*l - 50 = -5*l. Let c = -33 - n. Suppose 4*x + 0*r - 160 = 3*r, -c*x = 5*r - 165. What is the units digit of x?
7
Let h be ((4 - 1) + -7)*(0 - 1). What is the units digit of ((-4)/(-2))/(1950/(-489) + h)?
3
Let g(d) = -3*d**2 + 7*d + 26. Let l(i) = 7*i**2 - 13*i - 53. Let f(u) = -5*g(u) - 2*l(u). What is the tens digit of f(-13)?
6
Suppose 0 = 5*p + 2*r - 3*r + 60, -64 = 3*p + 5*r. Let t = p - -18. Suppose 4*i - 106 = -t*g, 2 = i - 2. What is the units digit of g?
8
Suppose -4*a + p + 428 = 0, -53 = -a - 5*p + 54. What is the tens digit of a?
0
Let y(p) be the first derivative of p**2/2 + 10*p - 289. Suppose 4*n - 5 = 35. What is the tens digit of y(n)?
2
Let v(l) = -l + 2. Let n be v(3). Let w be (-2 - n)/(3/108). What is the tens digit of -10*w/20*1?
1
Let n = 771 + 290. What is the thousands digit of n?
1
Let c = 405 - 233. What is the hundreds digit of c?
1
Let z(y) = 15*y**3 - 23*y**3 - 5*y**2 + 4*y + 8*y**2. What is the units digit of z(-3)?
1
Suppose -25 = 7*i - 12*i. Suppose -70 = w + 4*h, i*h - 57 = -2*w - 191. Let l = -33 - w. What is the units digit of l?
9
Let c be (-3)/(-6) + (-27)/(-6). Suppose c*o - 95 - 80 = 0. What is the tens digit of o?
3
Let v(i) = i**3 + 10*i**2 - 6*i + 1. Let y be v(-11). What is the units digit of -6*(3/2)/(6/y)?
1
Suppose 0 = -53*c + 5297 + 15055. What is the hundreds digit of c?
3
Let v be 3 + 0 + 3 - 4. Suppose -60 = -6*m + v*m + 3*f, 20 = m - 2*f. What is the tens digit of m?
1
Let o(n) = 2*n**2 - n - 1. Let a be o(2). Let z(s) = s**2 + 47. Let l be z(8). Suppose 5*w - a*r - l = -2*r, -2*w + 2*r + 46 = 0. What is the units digit of w?
1
Let x be 2/(-3)*9/(-6). Let k be x + 2 + 5 + -3. Suppose -95 = k*v - 475. What is the units digit of v?
6
Suppose -z = -4 - 0, 0 = -4*k - 4*z - 52. Let f = k + 20. Suppose 4*d - f*a = 96, -d = -0*d - 3*a - 24. What is the tens digit of d?
2
Let i(x) = x**3 - 46*x**2 + 54*x - 26. What is the units digit of i(45)?
9
Let r(v) = -9*v - 5 + 5 + 0. Let p be r(-4). Let f = 56 - p. What is the units digit of f?
0
Suppose 3*g = -4*l - 515, -4*l + l = 5*g + 862. Let b = g - -248. What is the tens digit of b?
7
Let y be ((-5)/4)/(11/(-1584)). Suppose 0 = 3*a + 4*p - y, 2*a - 7*a + 3*p + 300 = 0. What is the units digit of a?
0
Let h(n) = 78*n - 319. What is the thousands digit of h(23)?
1
Suppose -5*m - 340 = -m. Suppose 16 = -14*z + 2. What is the units digit of (-4182)/m - z/(-5)?
9
Let t(n) = -n**2 + 11*n + 12. Let u(g) = 6*g**2 + 4. Let r be u(-2). Let w = r - 17. What is the tens digit of t(w)?
1
Suppose -t + 5 = 13. What is the units digit of (3 + 76/t)*-2?
3
Suppose -14*c = -c - 8892. What is the hundreds digit of c?
6
Let z = -17 - -22. Suppose -h + z + 0 = 0. Suppose -3*t + 2*t = h, -29 = -2*r + t. What is the tens digit of r?
1
Let p(l) = -44*l - 157. What is the hundreds digit of p(-27)?
0
Let h be 1/((-33)/6) - 